e remainder when 9310723 is divided by 1059?
1054
What is the remainder when 5175 is divided by 5134?
41
Calculate the remainder when 1493623 is divided by 108.
91
Calculate the remainder when 91812925 is divided by 2961706.
39
Calculate the remainder when 308068 is divided by 102666.
70
What is the remainder when 105313 is divided by 2114?
1727
Calculate the remainder when 98027314 is divided by 212.
210
Calculate the remainder when 13751316 is divided by 107.
104
What is the remainder when 1597061 is divided by 1134?
389
Calculate the remainder when 28784364 is divided by 4797392.
12
What is the remainder when 114414990 is divided by 48013?
11
Calculate the remainder when 4183553 is divided by 22135.
38
Calculate the remainder when 1305563 is divided by 196.
7
Calculate the remainder when 130299 is divided by 31898.
2707
What is the remainder when 408980165 is divided by 861?
860
What is the remainder when 136712 is divided by 12424?
48
Calculate the remainder when 112861 is divided by 4815.
2116
What is the remainder when 332042038 is divided by 4390?
4388
What is the remainder when 9170284 is divided by 10?
4
What is the remainder when 164633 is divided by 32918?
43
What is the remainder when 9158 is divided by 1610?
1108
Calculate the remainder when 15791805 is divided by 364.
29
Calculate the remainder when 807117 is divided by 19216.
45
Calculate the remainder when 24866837 is divided by 831.
824
Calculate the remainder when 39910088 is divided by 12.
8
What is the remainder when 5233889 is divided by 2591?
69
What is the remainder when 18049157 is divided by 76?
69
What is the remainder when 283460 is divided by 542?
536
What is the remainder when 8522200 is divided by 3099?
3049
Calculate the remainder when 2811939 is divided by 258.
255
What is the remainder when 4520285 is divided by 10?
5
Calculate the remainder when 25169 is divided by 5539.
3013
What is the remainder when 52174 is divided by 5712?
766
What is the remainder when 7003 is divided by 1284?
583
What is the remainder when 5506683 is divided by 979?
787
Calculate the remainder when 10322 is divided by 672.
242
What is the remainder when 1271849 is divided by 634?
45
What is the remainder when 1880134 is divided by 62?
46
What is the remainder when 10723074 is divided by 2881?
2873
Calculate the remainder when 591137 is divided by 50.
37
Calculate the remainder when 1178106 is divided by 1870.
6
Calculate the remainder when 267969 is divided by 1848.
9
Calculate the remainder when 193572 is divided by 144.
36
Calculate the remainder when 1016774 is divided by 116.
34
Calculate the remainder when 78577215 is divided by 4680.
15
Calculate the remainder when 140848 is divided by 552.
88
Calculate the remainder when 4800065 is divided by 46.
11
What is the remainder when 12889323 is divided by 495741?
57
Calculate the remainder when 53426 is divided by 7504.
898
Calculate the remainder when 36469700 is divided by 1113.
29
Calculate the remainder when 786846 is divided by 963.
75
What is the remainder when 1133119 is divided by 267?
238
Calculate the remainder when 668110 is divided by 449.
447
What is the remainder when 1317516 is divided by 530?
466
What is the remainder when 28686485 is divided by 1735?
1730
What is the remainder when 165108 is divided by 802?
698
Calculate the remainder when 39181528 is divided by 83.
50
Calculate the remainder when 841861 is divided by 1444.
9
What is the remainder when 2683 is divided by 1294?
95
What is the remainder when 2217675 is divided by 1445?
1045
What is the remainder when 3241838 is divided by 540293?
80
What is the remainder when 405835 is divided by 101160?
1195
What is the remainder when 3902176 is divided by 230?
226
Calculate the remainder when 6294095 is divided by 33839.
41
What is the remainder when 294367 is divided by 293972?
395
What is the remainder when 4455508 is divided by 297031?
43
What is the remainder when 23461035 is divided by 439?
436
Calculate the remainder when 683566 is divided by 18.
16
What is the remainder when 551367 is divided by 45925?
267
Calculate the remainder when 1624848 is divided by 5803.
8
What is the remainder when 106526 is divided by 9615?
761
Calculate the remainder when 102472 is divided by 25247.
1484
What is the remainder when 92165 is divided by 106?
51
What is the remainder when 846992 is divided by 228?
200
What is the remainder when 1093875 is divided by 13015?
615
What is the remainder when 3896095 is divided by 481?
476
Calculate the remainder when 30859549 is divided by 34.
27
Calculate the remainder when 526207 is divided by 1378.
1189
What is the remainder when 80702 is divided by 72?
62
What is the remainder when 81518 is divided by 2989?
815
Calculate the remainder when 18118259 is divided by 235302.
5
What is the remainder when 121575880 is divided by 13?
10
What is the remainder when 17059 is divided by 3612?
2611
Calculate the remainder when 50964386 is divided by 529.
526
What is the remainder when 124617 is divided by 124480?
137
Calculate the remainder when 2099322 is divided by 3408.
3402
What is the remainder when 21883307 is divided by 262?
19
What is the remainder when 245878 is divided by 122335?
1208
Calculate the remainder when 5635 is divided by 1256.
611
Calculate the remainder when 902583 is divided by 451285.
13
Calculate the remainder when 514633 is divided by 174.
115
Calculate the remainder when 912497255 is divided by 888.
887
Calculate the remainder when 5310468 is divided by 2436.
2424
Calculate the remainder when 149029 is divided by 74507.
15
Calculate the remainder when 687976 is divided by 114660.
16
Calculate the remainder when 72119205 is divided by 5151371.
11
What is the remainder when 12937519 is divided by 25?
19
Calculate the remainder when 688357 is divided by 4759.
3061
Calculate the remainder when 286358251 is divided by 14.
11
What is the remainder when 2153114 is divided by 43939?
103
Calculate the remainder when 9343404 is divided by 143742.
174
What is the remainder when 651501 is divided by 325747?
7
Calculate the remainder when 25865 is divided by 460.
105
What is the remainder when 10499324 is divided by 2032?
2012
What is the remainder when 1653825 is divided by 29530?
145
Calculate the remainder when 3642803 is divided by 419.
17
What is the remainder when 401242 is divided by 96891?
13678
Calculate the remainder when 374424 is divided by 329.
22
Calculate the remainder when 914630 is divided by 17933.
47
What is the remainder when 735551 is divided by 52450?
1251
Calculate the remainder when 90683452 is divided by 781.
761
What is the remainder when 2342915 is divided by 1379?
1373
What is the remainder when 15717176 is divided by 4845?
4841
What is the remainder when 1679312 is divided by 18649?
902
What is the remainder when 132434 is divided by 875?
309
Calculate the remainder when 191219 is divided by 405.
59
Calculate the remainder when 47999 is divided by 924.
875
Calculate the remainder when 2500073 is divided by 108665.
778
Calculate the remainder when 191663 is divided by 191591.
72
What is the remainder when 3763094 is divided by 523?
109
What is the remainder when 39796910 is divided by 33?
32
Calculate the remainder when 1506212 is divided by 416.
292
What is the remainder when 25453674 is divided by 2224?
2218
What is the remainder when 150520 is divided by 37593?
148
Calculate the remainder when 22206 is divided by 518.
450
Calculate the remainder when 61930678 is divided by 18.
4
Calculate the remainder when 18587050 is divided by 18587040.
10
Calculate the remainder when 1016694 is divided by 23644.
2
Calculate the remainder when 51591640 is divided by 40.
0
What is the remainder when 3338226 is divided by 501?
63
What is the remainder when 360198156 is divided by 51?
48
What is the remainder when 514131 is divided by 102778?
241
Calculate the remainder when 9161221 is divided by 2472.
2461
What is the remainder when 8082195 is divided by 11579?
53
Calculate the remainder when 901461 is divided by 4079.
2
Calculate the remainder when 87947 is divided by 45.
17
What is the remainder when 120916 is divided by 16050?
8566
What is the remainder when 104563 is divided by 5142?
1723
What is the remainder when 